 5886 + 26*z. List the prime factors of y(g).
11, 23
Let m(g) = g + 1 + 9 + 0*g. Let j be m(-7). Suppose 5*z = 5*i - 190, j*i + 5*z = 6*z + 108. List the prime factors of i.
5, 7
Let o = 97489 + -56255. List the prime factors of o.
2, 53, 389
Let t(b) = 1 + 1 - 6*b**2 + 15*b**2 + 2*b + 3. Let k be t(5). Suppose -k = -0*w - 6*w. List the prime factors of w.
2, 5
Let a(l) = -l**3 + 10*l**2 - 8*l - 17. Let g be a(9). Let s be 87/24 - 3/g. What are the prime factors of 67 + 15/(20/s)?
2, 5, 7
Suppose 0 = -3*y + 3*k + 141, -5*y = -k + 5*k - 280. Suppose y = -2*t + 464. Let p = t - 72. List the prime factors of p.
2, 67
Suppose 0 = 2*h - 9 - 3. Suppose -h*a - 3*z + 474 = -2*a, -10 = -5*z. Suppose -5*f + a + 26 = -2*r, f = 3*r + 39. List the prime factors of f.
3
Let c be (-4)/14 + (-224406)/(-294). Let w = -305 + c. What are the prime factors of w?
2, 229
Suppose -5*l + 1 = 4*i + 7, 0 = l + 5*i + 18. Suppose -l*w + 24 = 6*w. Suppose 8*k - w*k - 430 = 0. List the prime factors of k.
2, 43
Suppose -1638 = -11*m + 1046. Suppose -4*d = -q - m - 468, 4*q = -3*d + 515. List the prime factors of d.
3, 59
Suppose -71*m = -89*m - 18. List the prime factors of 2280/12 - (m + -1).
2, 3
Let t = -5 + -15. Let x = t - 34. Let i = 95 + x. What are the prime factors of i?
41
Suppose -v + 2*p - 82 = -6*v, -v = -2*p - 2. Let l(g) be the first derivative of -g**4/4 + 17*g**3/3 - 10*g**2 - g - 2. What are the prime factors of l(v)?
307
What are the prime factors of 4/(-18) + 27350312/792?
3, 1279
Let w = 228 - -1417. Let j = w - 988. List the prime factors of j.
3, 73
Suppose 4*j - 67250 = -4*x - 14134, 5*x - j - 66383 = 0. List the prime factors of x.
11, 17, 71
Let w(a) = 68*a**2 + 7*a - 6*a + a**2. Let n(k) = k**2 - k - 1. Let c be n(0). List the prime factors of w(c).
2, 17
Suppose 43*a = -8888 + 36494. Suppose n - a = -n. List the prime factors of n.
3, 107
Let d(g) = 8*g**2 - g - 61. Let q be d(7). Let k = 516 + q. List the prime factors of k.
2, 3, 5, 7
Let w be -15*1*40/(-15). Let o = 182 + w. What are the prime factors of o?
2, 3, 37
Suppose -70 - 452 = -2*g. Let b = 202 + g. List the prime factors of b.
463
Let j(d) = -25*d**3 - 3*d**2 + 20*d + 78. List the prime factors of j(-5).
2, 757
Suppose 131 = -4*w - 249. Let s = 390 + w. What are the prime factors of s?
5, 59
Let y(h) = 2 + 12*h**3 - 3 - 5*h**2 - 11*h**3 + 2*h - h. Let u be y(5). What are the prime factors of 68 - ((-10)/4 - (-2)/u)?
2, 5, 7
Suppose 3690 = 2*g + n + 461, 4*n + 12 = 0. Suppose i - 780 = 5*l, g = 4*i - 2*i + 4*l. What are the prime factors of i?
2, 5
Suppose 3*c - 6 = 0, -j + 21*c - 24*c = -1819. What are the prime factors of j?
7, 37
What are the prime factors of (((-1)/4)/(1/(-4)))/((-1)/(-54229))?
7, 61, 127
Let i(y) be the first derivative of 14 + 25*y - 9/2*y**2. List the prime factors of i(-9).
2, 53
Suppose 80696 = -352*w + 356*w + 2*k, -5*w = 5*k - 100885. List the prime factors of w.
23, 877
Let v be -5*(-10)/(-300) + (-24314)/(-12). Let s = 3021 - v. What are the prime factors of s?
5, 199
Let n(p) = -3152*p**3 + 3*p**2 - 18*p - 15. List the prime factors of n(-2).
7, 3607
Suppose -6*l = x - 7*l - 254, -x = 3*l - 274. Suppose -h + 518 = 2*n, 10*h + x = n + 5*h. What are the prime factors of n?
7, 37
Let p = 1653 - 942. Suppose -p = q + 8*q. List the prime factors of (-2 - (-3 + 2))*q.
79
Suppose 0 = -4*t - 2*p - 26, -p + 6 - 24 = 3*t. Let f(m) = 39*m**2 + 34*m - 7. What are the prime factors of f(t)?
2, 3, 7, 19
Suppose 4*v = -2*g + 54332, 294*g - 292*g = v - 13563. What are the prime factors of v?
37, 367
Suppose -2*h + 3*k + 11340 = 0, h + 9*k = 7*k + 5684. List the prime factors of h.
2, 3, 11, 43
Suppose 7*c - 15*c + 8776 = 0. Suppose -4*d + t + c = -d, -4*d - 3*t = -1454. List the prime factors of d.
5, 73
List the prime factors of (-4)/34 - ((-3828)/(-68))/(-11) - -5133.
2, 7, 367
What are the prime factors of (-20 - -5*2805) + -19?
2, 3, 7, 37
Suppose -142*v + 27568 = -140*v + 2*j, 68955 = 5*v - 2*j. What are the prime factors of v?
13789
Suppose h = a + 25141, a = 289*h - 287*h - 50289. List the prime factors of h.
2, 6287
Suppose 4*o + k = 32, o + 6 = 4*k - 3. Let s(a) = 6*a**2 + a + 22. List the prime factors of s(o).
17, 19
Suppose -z - 46729 = -3*d - 10374, -4*d + 2*z + 48470 = 0. What are the prime factors of d?
2, 3, 5, 101
Let l(b) = -1041*b**3 + 11*b**2 - 16*b - 4. List the prime factors of l(-2).
2, 3, 5, 7
Let j = 120 - -22. Let d be j/(-10) - ((-36)/30 + 2). What are the prime factors of (10/8)/(d/(-2220))?
5, 37
Let y(w) = 12*w - 1. Suppose 2*t = -2*h + 2, -3*h - 2*t + 5 - 1 = 0. Let r be y(h). Let o = r + -7. List the prime factors of o.
2
Let s(h) = 3*h**2 + 10*h - 60. Let u be s(-15). Let r = -258 + u. What are the prime factors of r?
3, 23
Let o(h) = 77*h**2 - 7*h + 8. Let w(u) = u**3 - 2*u**2 - u + 4. Let d be w(2). What are the prime factors of o(d)?
2, 151
Let c(x) = 63*x**2 + 561*x + 109. List the prime factors of c(-18).
7, 1489
Let v(u) = -637*u + 43. Let f be v(-16). Suppose -2*y + f = 3*y. Suppose y - 727 = 8*j. What are the prime factors of j?
3, 5, 11
Let b = -128 - -79. Let c = b + -539. Let d = -375 - c. What are the prime factors of d?
3, 71
Let t be 211995/483 + (-8)/(-92). Let u(d) = -32*d + 7. Let j be u(10). Let s = j + t. What are the prime factors of s?
2, 3, 7
Suppose -21*j = -16*j - 10. Let p(d) = 2 - 90*d**3 - 5*d**2 - 11*d**j + 2*d + 15*d**2. What are the prime factors of p(-1)?
89
Let j(k) = 1. Let n(w) = w**2 - 6*w - 1. Let l(q) = 3*j(q) + n(q). Let x be l(6). Let f(m) = 15*m**2 + m - 3. What are the prime factors of f(x)?
59
Let m = -8098 - -17188. List the prime factors of m.
2, 3, 5, 101
Suppose 0 = 2*y - 3*u + 15 + 14, 4*y + 46 = 2*u. Let o(s) be the first derivative of s**3/3 - 6*s - 16. List the prime factors of o(y).
2, 47
Let c(l) = 12*l**2 + 2*l - 2. Let u(f) = -2*f**2 - 13*f + 48. Let o be u(-9). What are the prime factors of c(o)?
2, 7
Let m = -730 - -5581. What are the prime factors of m?
3, 7, 11
Suppose -26*s + 24*s + 10 = 0. What are the prime factors of (2201 - 2)*(s + 28/(-6))?
733
Let n(a) = -35*a**3 - 7*a**2 + 15*a - 128. List the prime factors of n(-9).
5, 4937
Suppose -172 = -l - 158. Let q = 147 + l. List the prime factors of q.
7, 23
Let d be (26/5)/((-7)/(-420)*-2). Let b = 493 + d. Let n = b + -199. What are the prime factors of n?
2, 3, 23
Suppose 41*h = 548 + 354. List the prime factors of (-12)/h + (-71970)/(-55).
2, 3, 109
Let x(i) = 16*i - 22. Let n(m) = -8*m + 11. Let k(a) = -5*n(a) - 2*x(a). What are the prime factors of k(20)?
149
Let t(v) = 1707*v - 75. Let h be t(8). Suppose -167*d - h = -176*d. List the prime factors of d.
3, 503
Let o = 39 - 62. Let b = o + 28. Suppose -b*h + 100 = 2*l, -4*h + 3*l + 52 = -28. What are the prime factors of h?
2, 5
Let y(q) = -4*q + 62. Let b be y(15). What are the prime factors of (6 - 7) + 24 + b?
5
Let u = 19479 - -13901. List the prime factors of u.
2, 5, 1669
Suppose 469 = -3*k + 3*a - 347, 256 = -k - 3*a. Let h = -82 - k. What are the prime factors of h?
2, 3, 31
Let o be 25/50*(-393 - 5). Suppose -g - g - 905 = -3*d, g + 5*d = -459. Let v = o - g. List the prime factors of v.
3, 5, 17
Suppose 0 = 2*l - 30 - 164. Let d be (-16)/(-24) + ((-418)/(-3) - 3). Let p = d - l. List the prime factors of p.
2, 5
Suppose -333*k + 332*k = -7865. List the prime factors of k.
5, 11, 13
Let n(g) be the second derivative of -1/6*g**3 + 10*g + 0 + 19/2*g**2. List the prime factors of n(0).
19
Let p(o) = 4535*o**2 + 11*o + 9. What are the prime factors of p(-1)?
3, 1511
Let m be (3 + (-2 - 1))/((-14)/(-7)). What are the prime factors of ((3 - m) + 388/8)*2?
103
Let k(r) = 4*r**3 - 18*r**2 + 56*r - 160. List the prime factors of k(16).
2, 17, 23
Suppose p - 2*o - 1 = 11, -2*p = -3*o - 26. List the prime factors of ((-1654)/(-6) - 3) + p/12.
2, 137
Let m be 8/(-36) + 276/27. Suppose -m*p + 7*p = -540. Suppose -2*b - 99 = -g, 4*g - 2*g + 2*b = p. List the prime factors of g.
3, 31
Suppose a + 5*z = -1, 11 = 2*a + 2*a + 5*z. Suppose -2*k = -2*o + 1404, 6*o = o + a*k + 3511. Suppose 341 = 6*l - o. List the prime factors of l.
2, 3, 29
Suppose 8*t = -60 + 84. Suppose 0 = 2*w, 5*n - t*w - 65 = 405. List the prime factors of n.
2, 47
Let r = -3354 + 30202. List the prime fac